{"id":308,"date":"2024-09-10T10:50:00","date_gmt":"2024-09-10T08:50:00","guid":{"rendered":"https:\/\/herbavitaswiss.ch\/?page_id=308"},"modified":"2025-03-30T21:59:04","modified_gmt":"2025-03-30T19:59:04","slug":"ueber-uns","status":"publish","type":"page","link":"https:\/\/herbavitaswiss.ch\/index.php\/ueber-uns\/","title":{"rendered":"\u00dcber uns"},"content":{"rendered":"<section class=\"bde-section-308-124 bde-section\">\n  \n  \n\t\n\n\n\n<div class=\"section-container\"><h1 class=\"bde-heading-308-126 bde-heading\" data-parallax=\"true\">\nLERNEN SIE UNS KENNEN\n<\/h1><\/div>\n<\/section><section class=\"bde-section-308-100 bde-section\">\n  \n  \n\t\n\n\n\n<div class=\"section-container\"><div class=\"bde-text-308-129 bde-text\">\nDie Herbavita-Swiss GmbH ist ein f\u00fchrendes Schweizer Unternehmen in der Cannabisbranche, das sich auf den Anbau im Freien, die Verarbeitung, Produktion und Forschung rund um Hanfprodukte spezialisiert hat. Unsere Leidenschaft f\u00fcr Hanf, kombiniert mit unserer Liebe zur Natur, pr\u00e4gt unser Handeln und spiegelt sich in unseren nachhaltigen und qualitativ hochwertigen Produkten wider.\n<\/div><div class=\"bde-columns-308-101 bde-columns\"><div class=\"bde-column-308-102 bde-column\">\n  \n  \n\t\n\n\n\n<div class=\"bde-text-308-104 bde-text\">\nUnser Team besteht aus weisungsunabh\u00e4ngigen Fachpersonen mit umfangreicher Erfahrung in den Bereichen Qualit\u00e4tsmanagement, Produktsicherheit und Naturwissenschaften. Wir sind hanfbegeistert und naturverbunden und setzen uns daf\u00fcr ein, nachhaltige Praktiken in all unseren Prozessen zu f\u00f6rdern. Unsere modernen Produktionsanlagen und hochentwickelten Technologien, wie die Raman-Technologie oder HPLC Analysemethode zur In-Prozess-Kontrolle und Materialverifizierung, gew\u00e4hrleisten, dass unsere Produkte h\u00f6chsten Qualit\u00e4tsstandards entsprechen.\n<\/div>\n<\/div><div class=\"bde-column-308-106 bde-column\">\n  \n  \n\t\n\n\n\n<div class=\"bde-image-hover-card-308-107 bde-image-hover-card\">\n<figure class=\"ee-imagehover c4-izmir c4-border-ccc-2 c4-image-zoom-in\">\n    <img data-recalc-dims=\"1\" fetchpriority=\"high\" decoding=\"async\" class=\"breakdance-image-object\" src=\"https:\/\/i0.wp.com\/breakdancelibrary.com\/samba\/wp-content\/uploads\/sites\/2\/2022\/06\/avatar7.jpeg?resize=750%2C750&#038;ssl=1\" width=\"750\" height=\"750\" srcset=\"https:\/\/breakdancelibrary.com\/samba\/wp-content\/uploads\/sites\/2\/2022\/06\/avatar7.jpeg 750w, https:\/\/breakdancelibrary.com\/samba\/wp-content\/uploads\/sites\/2\/2022\/06\/avatar7-300x300.jpeg 300w, https:\/\/breakdancelibrary.com\/samba\/wp-content\/uploads\/sites\/2\/2022\/06\/avatar7-150x150.jpeg 150w\" sizes=\"(max-width: 750px) 100vw, 750px\">\n  <figcaption class=\"c4-layout-bottom-center\">\n                <div class=\"c4-reveal-right c4-delay-200\">\n              <h4 class=\"ee-imagehover-title\">Leonard Krasner<\/h4>\n      <\/div>\n                <div class=\"c4-reveal-right c4-delay-400\">\n              <h4 class=\"ee-imagehover-title\">Designer<\/h4>\n      <\/div>\n      <\/figcaption>\n<\/figure>\n<\/div>\n<\/div><div class=\"bde-column-308-109 bde-column\">\n  \n  \n\t\n\n\n\n<div class=\"bde-image-hover-card-308-110 bde-image-hover-card\">\n<figure class=\"ee-imagehover c4-izmir c4-border-ccc-2 c4-image-zoom-in\">\n    <img data-recalc-dims=\"1\" decoding=\"async\" class=\"breakdance-image-object\" src=\"https:\/\/i0.wp.com\/breakdancelibrary.com\/samba\/wp-content\/uploads\/sites\/2\/2022\/11\/avatar2.jpg?resize=750%2C750&#038;ssl=1\" width=\"750\" height=\"750\" srcset=\"https:\/\/breakdancelibrary.com\/samba\/wp-content\/uploads\/sites\/2\/2022\/11\/avatar2.jpg 750w, https:\/\/breakdancelibrary.com\/samba\/wp-content\/uploads\/sites\/2\/2022\/11\/avatar2-300x300.jpg 300w, https:\/\/breakdancelibrary.com\/samba\/wp-content\/uploads\/sites\/2\/2022\/11\/avatar2-150x150.jpg 150w\" sizes=\"(max-width: 750px) 100vw, 750px\">\n  <figcaption class=\"c4-layout-bottom-center\">\n                <div class=\"c4-reveal-right c4-delay-200\">\n              <h4 class=\"ee-imagehover-title\">Anna Roberts<\/h4>\n      <\/div>\n                <div class=\"c4-reveal-right c4-delay-400\">\n              <h4 class=\"ee-imagehover-title\">CEO<\/h4>\n      <\/div>\n      <\/figcaption>\n<\/figure>\n<\/div><div class=\"bde-image-hover-card-308-111 bde-image-hover-card\">\n<figure class=\"ee-imagehover c4-izmir c4-border-ccc-2 c4-image-zoom-in\">\n    <img data-recalc-dims=\"1\" decoding=\"async\" class=\"breakdance-image-object\" src=\"https:\/\/i0.wp.com\/breakdancelibrary.com\/samba\/wp-content\/uploads\/sites\/2\/2022\/06\/avatar13.jpeg?resize=750%2C750&#038;ssl=1\" width=\"750\" height=\"750\" srcset=\"https:\/\/breakdancelibrary.com\/samba\/wp-content\/uploads\/sites\/2\/2022\/06\/avatar13.jpeg 750w, https:\/\/breakdancelibrary.com\/samba\/wp-content\/uploads\/sites\/2\/2022\/06\/avatar13-300x300.jpeg 300w, https:\/\/breakdancelibrary.com\/samba\/wp-content\/uploads\/sites\/2\/2022\/06\/avatar13-150x150.jpeg 150w\" sizes=\"(max-width: 750px) 100vw, 750px\">\n  <figcaption class=\"c4-layout-bottom-center\">\n                <div class=\"c4-reveal-right c4-delay-200\">\n              <h4 class=\"ee-imagehover-title\">Dries Winsent<\/h4>\n      <\/div>\n                <div class=\"c4-reveal-right c4-delay-400\">\n              <h4 class=\"ee-imagehover-title\">Manager<\/h4>\n      <\/div>\n      <\/figcaption>\n<\/figure>\n<\/div>\n<\/div><\/div><\/div>\n<\/section><section class=\"bde-section-308-112 bde-section\">\n  \n  \n\t\n\n\n\n<div class=\"section-container\"><div class=\"bde-columns-308-113 bde-columns\"><div class=\"bde-column-308-122 bde-column\">\n  \n  \n\t\n\n\n\n<div class=\"bde-image-308-123 bde-image\">\n<figure class=\"breakdance-image breakdance-image--293\">\n\t<div class=\"breakdance-image-container\">\n\t\t<div class=\"breakdance-image-clip\"><img data-recalc-dims=\"1\" loading=\"lazy\" decoding=\"async\" class=\"breakdance-image-object\" src=\"https:\/\/i0.wp.com\/herbavitaswiss.ch\/wp-content\/uploads\/2024\/09\/hplc-bild-labor.jpg?resize=1640%2C924&#038;ssl=1\" width=\"1640\" height=\"924\" srcset=\"https:\/\/herbavitaswiss.ch\/wp-content\/uploads\/2024\/09\/hplc-bild-labor.jpg 1640w, https:\/\/herbavitaswiss.ch\/wp-content\/uploads\/2024\/09\/hplc-bild-labor-300x169.jpg 300w, https:\/\/herbavitaswiss.ch\/wp-content\/uploads\/2024\/09\/hplc-bild-labor-1024x577.jpg 1024w, https:\/\/herbavitaswiss.ch\/wp-content\/uploads\/2024\/09\/hplc-bild-labor-768x433.jpg 768w, https:\/\/herbavitaswiss.ch\/wp-content\/uploads\/2024\/09\/hplc-bild-labor-1536x865.jpg 1536w\" sizes=\"(max-width: 1640px) 100vw, 1640px\"><\/div>\n\t<\/div><\/figure>\n\n<\/div><div class=\"bde-text-308-130 bde-text\">\nHPLC Analyse-Maschine\n<\/div>\n<\/div><div class=\"bde-column-308-114 bde-column\">\n  \n  \n\t\n\n\n\n<div class=\"bde-text-308-117 bde-text\">\nNeben dem Anbau und der Verarbeitung von Hanf bieten wir auch umfassende Beratungs- und Unterst\u00fctzungsdienste an. Wir begleiten unsere Kunden bei der Implementierung von Qualit\u00e4tsmanagementsystemen nach ISO 9001 und HACCP, helfen bei der Optimierung von Prozessen und unterst\u00fctzen Sie dabei, Kosten zu senken. Mit unserem technischen Know-how und unserer langj\u00e4hrigen Erfahrung sind wir in der Lage, schnelle und effiziente L\u00f6sungen f\u00fcr alle Fragen rund um Produktsicherheit und Qualit\u00e4tsmanagement mit \"In-Prozess Kontrolle\" zu bieten.\n<\/div>\n<\/div><\/div><h1 class=\"bde-heading-308-134 bde-heading\">\nWas wir bieten k\u00f6nnen\n<\/h1><div class=\"bde-text-308-131 bde-text\">\n<br>Unser Ziel bei Herbavita-Swiss GmbH ist es, erstklassige Cannabisprodukte zu liefern, die h\u00f6chsten Qualit\u00e4tsstandards entsprechen und die Bed\u00fcrfnisse unserer Kunden optimal erf\u00fcllen. Durch unsere Direktvermarktungsstrategie und unsere enge Kundenbeziehung, bieten wir hochwertige Produkte zu fairen Preisen an. Wir streben danach, Innovation und Exzellenz in allen unseren Gesch\u00e4ftsbereichen zu f\u00f6rdern und einen wichtigen Beitrag zur Entwicklung der Cannabisindustrie in der Schweiz zu leisten.\n<\/div><\/div>\n<\/section><section class=\"bde-section-308-132 bde-section\">\n  \n  \n\t\n\n\n\n<div class=\"section-container\"><\/div>\n<\/section>","protected":false},"excerpt":{"rendered":"<p>LERNEN SIE UNS KENNEN Die Herbavita-Swiss GmbH ist ein f\u00fchrendes Schweizer Unternehmen in der Cannabisbranche, das sich auf den Anbau im Freien, die Verarbeitung, Produktion und Forschung rund um Hanfprodukte spezialisiert hat. Unsere Leidenschaft f\u00fcr Hanf, kombiniert mit unserer Liebe zur Natur, pr\u00e4gt unser Handeln und spiegelt sich in unseren nachhaltigen und qualitativ hochwertigen Produkten [&hellip;]<\/p>\n","protected":false},"author":1,"featured_media":0,"parent":0,"menu_order":0,"comment_status":"closed","ping_status":"closed","template":"","meta":{"_breakdance_hide_in_design_set":false,"_breakdance_tags":"","footnotes":""},"class_list":["post-308","page","type-page","status-publish","hentry"],"jetpack_sharing_enabled":true,"_links":{"self":[{"href":"https:\/\/herbavitaswiss.ch\/index.php\/wp-json\/wp\/v2\/pages\/308","targetHints":{"allow":["GET"]}}],"collection":[{"href":"https:\/\/herbavitaswiss.ch\/index.php\/wp-json\/wp\/v2\/pages"}],"about":[{"href":"https:\/\/herbavitaswiss.ch\/index.php\/wp-json\/wp\/v2\/types\/page"}],"author":[{"embeddable":true,"href":"https:\/\/herbavitaswiss.ch\/index.php\/wp-json\/wp\/v2\/users\/1"}],"replies":[{"embeddable":true,"href":"https:\/\/herbavitaswiss.ch\/index.php\/wp-json\/wp\/v2\/comments?post=308"}],"version-history":[{"count":12,"href":"https:\/\/herbavitaswiss.ch\/index.php\/wp-json\/wp\/v2\/pages\/308\/revisions"}],"predecessor-version":[{"id":706,"href":"https:\/\/herbavitaswiss.ch\/index.php\/wp-json\/wp\/v2\/pages\/308\/revisions\/706"}],"wp:attachment":[{"href":"https:\/\/herbavitaswiss.ch\/index.php\/wp-json\/wp\/v2\/media?parent=308"}],"curies":[{"name":"wp","href":"https:\/\/api.w.org\/{rel}","templated":true}]}}